{"id":37,"date":"2023-03-06T14:01:33","date_gmt":"2023-03-06T17:01:33","guid":{"rendered":"https:\/\/formato2.com.br\/?page_id=37"},"modified":"2023-03-11T15:10:29","modified_gmt":"2023-03-11T18:10:29","slug":"documentacao","status":"publish","type":"page","link":"https:\/\/formato2.com.br\/index.php\/documentacao\/","title":{"rendered":"<a href=\"https:\/\/formato2.com.br\/documentacao\/index.html\">DOCUMENTA\u00c7\u00c3O<\/a>"},"content":{"rendered":"\t\t<div data-elementor-type=\"wp-page\" data-elementor-id=\"37\" class=\"elementor elementor-37\">\n\t\t\t\t\t\t\t\t\t<section class=\"elementor-section elementor-top-section elementor-element elementor-element-76187c7 elementor-section-boxed elementor-section-height-default elementor-section-height-default\" data-id=\"76187c7\" data-element_type=\"section\">\n\t\t\t\t\t\t<div class=\"elementor-container elementor-column-gap-default\">\n\t\t\t\t\t<div class=\"elementor-column elementor-col-25 elementor-top-column elementor-element elementor-element-889e644\" data-id=\"889e644\" data-element_type=\"column\">\n\t\t\t<div class=\"elementor-widget-wrap\">\n\t\t\t\t\t\t\t\t\t<\/div>\n\t\t<\/div>\n\t\t\t\t<div class=\"elementor-column elementor-col-50 elementor-top-column elementor-element elementor-element-3d5ae38\" data-id=\"3d5ae38\" data-element_type=\"column\">\n\t\t\t<div class=\"elementor-widget-wrap elementor-element-populated\">\n\t\t\t\t\t\t\t\t<div class=\"elementor-element elementor-element-1267834 elementor-widget elementor-widget-text-editor\" data-id=\"1267834\" data-element_type=\"widget\" data-widget_type=\"text-editor.default\">\n\t\t\t\t<div class=\"elementor-widget-container\">\n\t\t\t<style>\/*! elementor - v3.11.3 - 07-03-2023 *\/\n.elementor-widget-text-editor.elementor-drop-cap-view-stacked .elementor-drop-cap{background-color:#818a91;color:#fff}.elementor-widget-text-editor.elementor-drop-cap-view-framed .elementor-drop-cap{color:#818a91;border:3px solid;background-color:transparent}.elementor-widget-text-editor:not(.elementor-drop-cap-view-default) .elementor-drop-cap{margin-top:8px}.elementor-widget-text-editor:not(.elementor-drop-cap-view-default) .elementor-drop-cap-letter{width:1em;height:1em}.elementor-widget-text-editor .elementor-drop-cap{float:left;text-align:center;line-height:1;font-size:50px}.elementor-widget-text-editor .elementor-drop-cap-letter{display:inline-block}<\/style>\t\t\t\t<p><a href=\"https:\/\/formato2.com.br\/wp-content\/uploads\/2022\/03\/Atestadodecapacidadetecnicaparacatu.pdf\">Atestado de Capacidade T\u00e9cnica \u2013 Prefeitura de Paracatu \u2013 MG<\/a><\/p><p><a href=\"https:\/\/formato2.com.br\/wp-content\/uploads\/2022\/01\/ATESTADO-CAPACIDADE-TECNICA-BOM-JESUS-DO-GALHO.pdf\">Atestado de Capacidade T\u00e9cnica \u2013\u00a0Prefeitura de Bom Jesus do Galho<\/a><\/p><p><a href=\"https:\/\/formato2.com.br\/wp-content\/uploads\/2022\/01\/ATESTADO-CAPACIDADE-TECNICA-TERESINA.pdf\">Atestado de Capacidade T\u00e9cnica \u2013 Prefeitura Municipal de Teresina<\/a><\/p><p><a href=\"https:\/\/formato2.com.br\/wp-content\/uploads\/2022\/01\/Atestado-de-Capacidade-Tecnica-Jeceaba.pdf\">Atestado de Capacidade T\u00e9cnica \u2013 Prefeitura Municipal de Jeceaba\u00a0\u2013 MG<\/a><\/p><p><a href=\"https:\/\/formato2.com.br\/wp-content\/uploads\/2022\/01\/ATESTADO-CAPACIDADE-TECNICA-AMAZONAS.pdf\">Atestado de Capacidade T\u00e9cnica do Governo \u2013 Estado do Amazonas<\/a><\/p><p><a href=\"https:\/\/formato2.com.br\/wp-content\/uploads\/2022\/01\/ATESTADO-CAPACIDADE-TECNICA-CONTAGEM.pdf\">Atestado de Capacidade T\u00e9cnica \u2013 Prefeitura Municipal de Contagem \u2013 MG<\/a><\/p><p><a href=\"https:\/\/formato2.com.br\/wp-content\/uploads\/2022\/01\/ATESTADO-CAPACIDADE-TECNICA-ESMERALDAS.pdf\">Atestado de Capacidade T\u00e9cnica \u2013 Prefeitura Municipal de Esmeraldas\u00a0\u2013 MG<\/a><\/p><p><a href=\"https:\/\/formato2.com.br\/wp-content\/uploads\/2022\/01\/ATESTADO-CAPACIDADE-TECNICA-SABARA.pdf\">Atestado de Capacidade T\u00e9cnica \u2013 Prefeitura Municipal de Sabar\u00e1\u00a0\u2013 MG<\/a><\/p><p><a href=\"https:\/\/formato2.com.br\/wp-content\/uploads\/2022\/01\/ATESTADO-CAPACIDADE-TECNICA-UBA.pdf\">Atestado de Capacidade T\u00e9cnica \u2013 Prefeitura Municipal de Ub\u00e1\u00a0\u2013 MG<\/a><\/p><p><a href=\"https:\/\/formato2.com.br\/wp-content\/uploads\/2022\/01\/ATESTADO-CAPACIDADE-TECNICA-PIAUI.pdf\">Atestado de Capacidade T\u00e9cnica \u2013 Governo do Estado do Piau\u00ed<\/a><\/p>\t\t\t\t\t\t<\/div>\n\t\t\t\t<\/div>\n\t\t\t\t\t<\/div>\n\t\t<\/div>\n\t\t\t\t<div class=\"elementor-column elementor-col-25 elementor-top-column elementor-element elementor-element-bc7143f\" data-id=\"bc7143f\" data-element_type=\"column\">\n\t\t\t<div class=\"elementor-widget-wrap\">\n\t\t\t\t\t\t\t\t\t<\/div>\n\t\t<\/div>\n\t\t\t\t\t\t\t<\/div>\n\t\t<\/section>\n\t\t\t\t\t\t\t<\/div>\n\t\t","protected":false},"excerpt":{"rendered":"<p>Atestado de Capacidade T\u00e9cnica \u2013 Prefeitura de Paracatu \u2013 MG Atestado de Capacidade T\u00e9cnica \u2013&nbsp;Prefeitura de Bom Jesus do Galho Atestado de Capacidade T\u00e9cnica \u2013 Prefeitura Municipal de Teresina Atestado de Capacidade T\u00e9cnica \u2013 Prefeitura Municipal de Jeceaba&nbsp;\u2013 MG Atestado de Capacidade T\u00e9cnica do Governo \u2013 Estado do Amazonas Atestado de Capacidade T\u00e9cnica \u2013 Prefeitura [&hellip;]<\/p>\n","protected":false},"author":2,"featured_media":0,"parent":0,"menu_order":0,"comment_status":"closed","ping_status":"closed","template":"elementor_header_footer","meta":{"footnotes":""},"yoast_head":"<!-- This site is optimized with the Yoast SEO plugin v20.2.1 - https:\/\/yoast.com\/wordpress\/plugins\/seo\/ -->\n<title>DOCUMENTA\u00c7\u00c3O - Formato 2<\/title>\n<meta name=\"robots\" content=\"index, follow, max-snippet:-1, max-image-preview:large, max-video-preview:-1\" \/>\n<link rel=\"canonical\" href=\"https:\/\/formato2.com.br\/index.php\/documentacao\/\" \/>\n<meta property=\"og:locale\" content=\"en_US\" \/>\n<meta property=\"og:type\" content=\"article\" \/>\n<meta property=\"og:title\" content=\"DOCUMENTA\u00c7\u00c3O - Formato 2\" \/>\n<meta property=\"og:description\" content=\"Atestado de Capacidade T\u00e9cnica \u2013 Prefeitura de Paracatu \u2013 MG Atestado de Capacidade T\u00e9cnica \u2013&nbsp;Prefeitura de Bom Jesus do Galho Atestado de Capacidade T\u00e9cnica \u2013 Prefeitura Municipal de Teresina Atestado de Capacidade T\u00e9cnica \u2013 Prefeitura Municipal de Jeceaba&nbsp;\u2013 MG Atestado de Capacidade T\u00e9cnica do Governo \u2013 Estado do Amazonas Atestado de Capacidade T\u00e9cnica \u2013 Prefeitura [&hellip;]\" \/>\n<meta property=\"og:url\" content=\"https:\/\/formato2.com.br\/index.php\/documentacao\/\" \/>\n<meta property=\"og:site_name\" content=\"Formato 2\" \/>\n<meta property=\"article:modified_time\" content=\"2023-03-11T18:10:29+00:00\" \/>\n<meta name=\"twitter:card\" content=\"summary_large_image\" \/>\n<meta name=\"twitter:label1\" content=\"Est. reading time\" \/>\n\t<meta name=\"twitter:data1\" content=\"1 minute\" \/>\n<script type=\"application\/ld+json\" class=\"yoast-schema-graph\">{\"@context\":\"https:\/\/schema.org\",\"@graph\":[{\"@type\":\"WebPage\",\"@id\":\"https:\/\/formato2.com.br\/index.php\/documentacao\/\",\"url\":\"https:\/\/formato2.com.br\/index.php\/documentacao\/\",\"name\":\"DOCUMENTA\u00c7\u00c3O - Formato 2\",\"isPartOf\":{\"@id\":\"https:\/\/formato2.com.br\/#website\"},\"datePublished\":\"2023-03-06T17:01:33+00:00\",\"dateModified\":\"2023-03-11T18:10:29+00:00\",\"breadcrumb\":{\"@id\":\"https:\/\/formato2.com.br\/index.php\/documentacao\/#breadcrumb\"},\"inLanguage\":\"en-US\",\"potentialAction\":[{\"@type\":\"ReadAction\",\"target\":[\"https:\/\/formato2.com.br\/index.php\/documentacao\/\"]}]},{\"@type\":\"BreadcrumbList\",\"@id\":\"https:\/\/formato2.com.br\/index.php\/documentacao\/#breadcrumb\",\"itemListElement\":[{\"@type\":\"ListItem\",\"position\":1,\"name\":\"In\u00edcio\",\"item\":\"https:\/\/formato2.com.br\/\"},{\"@type\":\"ListItem\",\"position\":2,\"name\":\"DOCUMENTA\u00c7\u00c3O\"}]},{\"@type\":\"WebSite\",\"@id\":\"https:\/\/formato2.com.br\/#website\",\"url\":\"https:\/\/formato2.com.br\/\",\"name\":\"Formato 2\",\"description\":\"\",\"publisher\":{\"@id\":\"https:\/\/formato2.com.br\/#organization\"},\"potentialAction\":[{\"@type\":\"SearchAction\",\"target\":{\"@type\":\"EntryPoint\",\"urlTemplate\":\"https:\/\/formato2.com.br\/?s={search_term_string}\"},\"query-input\":\"required name=search_term_string\"}],\"inLanguage\":\"en-US\"},{\"@type\":\"Organization\",\"@id\":\"https:\/\/formato2.com.br\/#organization\",\"name\":\"Formato 2\",\"url\":\"https:\/\/formato2.com.br\/\",\"logo\":{\"@type\":\"ImageObject\",\"inLanguage\":\"en-US\",\"@id\":\"https:\/\/formato2.com.br\/#\/schema\/logo\/image\/\",\"url\":\"https:\/\/formato2.com.br\/wp-content\/uploads\/2023\/03\/Formato2-marca.png\",\"contentUrl\":\"https:\/\/formato2.com.br\/wp-content\/uploads\/2023\/03\/Formato2-marca.png\",\"width\":361,\"height\":176,\"caption\":\"Formato 2\"},\"image\":{\"@id\":\"https:\/\/formato2.com.br\/#\/schema\/logo\/image\/\"}}]}<\/script>\n<!-- \/ Yoast SEO plugin. -->","yoast_head_json":{"title":"DOCUMENTA\u00c7\u00c3O - Formato 2","robots":{"index":"index","follow":"follow","max-snippet":"max-snippet:-1","max-image-preview":"max-image-preview:large","max-video-preview":"max-video-preview:-1"},"canonical":"https:\/\/formato2.com.br\/index.php\/documentacao\/","og_locale":"en_US","og_type":"article","og_title":"DOCUMENTA\u00c7\u00c3O - Formato 2","og_description":"Atestado de Capacidade T\u00e9cnica \u2013 Prefeitura de Paracatu \u2013 MG Atestado de Capacidade T\u00e9cnica \u2013&nbsp;Prefeitura de Bom Jesus do Galho Atestado de Capacidade T\u00e9cnica \u2013 Prefeitura Municipal de Teresina Atestado de Capacidade T\u00e9cnica \u2013 Prefeitura Municipal de Jeceaba&nbsp;\u2013 MG Atestado de Capacidade T\u00e9cnica do Governo \u2013 Estado do Amazonas Atestado de Capacidade T\u00e9cnica \u2013 Prefeitura [&hellip;]","og_url":"https:\/\/formato2.com.br\/index.php\/documentacao\/","og_site_name":"Formato 2","article_modified_time":"2023-03-11T18:10:29+00:00","twitter_card":"summary_large_image","twitter_misc":{"Est. reading time":"1 minute"},"schema":{"@context":"https:\/\/schema.org","@graph":[{"@type":"WebPage","@id":"https:\/\/formato2.com.br\/index.php\/documentacao\/","url":"https:\/\/formato2.com.br\/index.php\/documentacao\/","name":"DOCUMENTA\u00c7\u00c3O - Formato 2","isPartOf":{"@id":"https:\/\/formato2.com.br\/#website"},"datePublished":"2023-03-06T17:01:33+00:00","dateModified":"2023-03-11T18:10:29+00:00","breadcrumb":{"@id":"https:\/\/formato2.com.br\/index.php\/documentacao\/#breadcrumb"},"inLanguage":"en-US","potentialAction":[{"@type":"ReadAction","target":["https:\/\/formato2.com.br\/index.php\/documentacao\/"]}]},{"@type":"BreadcrumbList","@id":"https:\/\/formato2.com.br\/index.php\/documentacao\/#breadcrumb","itemListElement":[{"@type":"ListItem","position":1,"name":"In\u00edcio","item":"https:\/\/formato2.com.br\/"},{"@type":"ListItem","position":2,"name":"DOCUMENTA\u00c7\u00c3O"}]},{"@type":"WebSite","@id":"https:\/\/formato2.com.br\/#website","url":"https:\/\/formato2.com.br\/","name":"Formato 2","description":"","publisher":{"@id":"https:\/\/formato2.com.br\/#organization"},"potentialAction":[{"@type":"SearchAction","target":{"@type":"EntryPoint","urlTemplate":"https:\/\/formato2.com.br\/?s={search_term_string}"},"query-input":"required name=search_term_string"}],"inLanguage":"en-US"},{"@type":"Organization","@id":"https:\/\/formato2.com.br\/#organization","name":"Formato 2","url":"https:\/\/formato2.com.br\/","logo":{"@type":"ImageObject","inLanguage":"en-US","@id":"https:\/\/formato2.com.br\/#\/schema\/logo\/image\/","url":"https:\/\/formato2.com.br\/wp-content\/uploads\/2023\/03\/Formato2-marca.png","contentUrl":"https:\/\/formato2.com.br\/wp-content\/uploads\/2023\/03\/Formato2-marca.png","width":361,"height":176,"caption":"Formato 2"},"image":{"@id":"https:\/\/formato2.com.br\/#\/schema\/logo\/image\/"}}]}},"_links":{"self":[{"href":"https:\/\/formato2.com.br\/index.php\/wp-json\/wp\/v2\/pages\/37"}],"collection":[{"href":"https:\/\/formato2.com.br\/index.php\/wp-json\/wp\/v2\/pages"}],"about":[{"href":"https:\/\/formato2.com.br\/index.php\/wp-json\/wp\/v2\/types\/page"}],"author":[{"embeddable":true,"href":"https:\/\/formato2.com.br\/index.php\/wp-json\/wp\/v2\/users\/2"}],"replies":[{"embeddable":true,"href":"https:\/\/formato2.com.br\/index.php\/wp-json\/wp\/v2\/comments?post=37"}],"version-history":[{"count":5,"href":"https:\/\/formato2.com.br\/index.php\/wp-json\/wp\/v2\/pages\/37\/revisions"}],"predecessor-version":[{"id":101,"href":"https:\/\/formato2.com.br\/index.php\/wp-json\/wp\/v2\/pages\/37\/revisions\/101"}],"wp:attachment":[{"href":"https:\/\/formato2.com.br\/index.php\/wp-json\/wp\/v2\/media?parent=37"}],"curies":[{"name":"wp","href":"https:\/\/api.w.org\/{rel}","templated":true}]}}

<a href="https://formato2.com.br/documentacao/index.html">DOCUMENTAÇÃO</a>

<div data-elementor-type="wp-page" data-elementor-id="37" class="elementor elementor-37">
									<section class="elementor-section elementor-top-section elementor-element elementor-element-76187c7 elementor-section-boxed elementor-section-height-default elementor-section-height-default" data-id="76187c7" data-element_type="section">
						<div class="elementor-container elementor-column-gap-default">
					<div class="elementor-column elementor-col-25 elementor-top-column elementor-element elementor-element-889e644" data-id="889e644" data-element_type="column">
			<div class="elementor-widget-wrap">
									</div>
		</div>
				<div class="elementor-column elementor-col-50 elementor-top-column elementor-element elementor-element-3d5ae38" data-id="3d5ae38" data-element_type="column">
			<div class="elementor-widget-wrap elementor-element-populated">
								<div class="elementor-element elementor-element-1267834 elementor-widget elementor-widget-text-editor" data-id="1267834" data-element_type="widget" data-widget_type="text-editor.default">
				<div class="elementor-widget-container">
			<style>/*! elementor - v3.11.3 - 07-03-2023 */
.elementor-widget-text-editor.elementor-drop-cap-view-stacked .elementor-drop-cap{background-color:#818a91;color:#fff}.elementor-widget-text-editor.elementor-drop-cap-view-framed .elementor-drop-cap{color:#818a91;border:3px solid;background-color:transparent}.elementor-widget-text-editor:not(.elementor-drop-cap-view-default) .elementor-drop-cap{margin-top:8px}.elementor-widget-text-editor:not(.elementor-drop-cap-view-default) .elementor-drop-cap-letter{width:1em;height:1em}.elementor-widget-text-editor .elementor-drop-cap{float:left;text-align:center;line-height:1;font-size:50px}.elementor-widget-text-editor .elementor-drop-cap-letter{display:inline-block}</style>				<p><a href="https://formato2.com.br/wp-content/uploads/2022/03/Atestadodecapacidadetecnicaparacatu.pdf">Atestado de Capacidade Técnica – Prefeitura de Paracatu – MG</a></p><p><a href="https://formato2.com.br/wp-content/uploads/2022/01/ATESTADO-CAPACIDADE-TECNICA-BOM-JESUS-DO-GALHO.pdf">Atestado de Capacidade Técnica – Prefeitura de Bom Jesus do Galho</a></p><p><a href="https://formato2.com.br/wp-content/uploads/2022/01/ATESTADO-CAPACIDADE-TECNICA-TERESINA.pdf">Atestado de Capacidade Técnica – Prefeitura Municipal de Teresina</a></p><p><a href="https://formato2.com.br/wp-content/uploads/2022/01/Atestado-de-Capacidade-Tecnica-Jeceaba.pdf">Atestado de Capacidade Técnica – Prefeitura Municipal de Jeceaba – MG</a></p><p><a href="https://formato2.com.br/wp-content/uploads/2022/01/ATESTADO-CAPACIDADE-TECNICA-AMAZONAS.pdf">Atestado de Capacidade Técnica do Governo – Estado do Amazonas</a></p><p><a href="https://formato2.com.br/wp-content/uploads/2022/01/ATESTADO-CAPACIDADE-TECNICA-CONTAGEM.pdf">Atestado de Capacidade Técnica – Prefeitura Municipal de Contagem – MG</a></p><p><a href="https://formato2.com.br/wp-content/uploads/2022/01/ATESTADO-CAPACIDADE-TECNICA-ESMERALDAS.pdf">Atestado de Capacidade Técnica – Prefeitura Municipal de Esmeraldas – MG</a></p><p><a href="https://formato2.com.br/wp-content/uploads/2022/01/ATESTADO-CAPACIDADE-TECNICA-SABARA.pdf">Atestado de Capacidade Técnica – Prefeitura Municipal de Sabará – MG</a></p><p><a href="https://formato2.com.br/wp-content/uploads/2022/01/ATESTADO-CAPACIDADE-TECNICA-UBA.pdf">Atestado de Capacidade Técnica – Prefeitura Municipal de Ubá – MG</a></p><p><a href="https://formato2.com.br/wp-content/uploads/2022/01/ATESTADO-CAPACIDADE-TECNICA-PIAUI.pdf">Atestado de Capacidade Técnica – Governo do Estado do Piauí</a></p>						</div>
				</div>
					</div>
		</div>
				<div class="elementor-column elementor-col-25 elementor-top-column elementor-element elementor-element-bc7143f" data-id="bc7143f" data-element_type="column">
			<div class="elementor-widget-wrap">
									</div>
		</div>
							</div>
		</section>
							</div>

<p>Atestado de Capacidade Técnica – Prefeitura de Paracatu – MG Atestado de Capacidade Técnica –&nbsp;Prefeitura de Bom Jesus do Galho Atestado de Capacidade Técnica – Prefeitura Municipal de Teresina Atestado de Capacidade Técnica – Prefeitura Municipal de Jeceaba&nbsp;– MG Atestado de Capacidade Técnica do Governo – Estado do Amazonas Atestado de Capacidade Técnica – Prefeitura [&hellip;]</p>

<!-- This site is optimized with the Yoast SEO plugin v20.2.1 - https://yoast.com/wordpress/plugins/seo/ -->
<title>DOCUMENTAÇÃO - Formato 2</title>
<meta name="robots" content="index, follow, max-snippet:-1, max-image-preview:large, max-video-preview:-1" />
<link rel="canonical" href="https://formato2.com.br/index.php/documentacao/" />
<meta property="og:locale" content="en_US" />
<meta property="og:type" content="article" />
<meta property="og:title" content="DOCUMENTAÇÃO - Formato 2" />
<meta property="og:description" content="Atestado de Capacidade Técnica – Prefeitura de Paracatu – MG Atestado de Capacidade Técnica –&nbsp;Prefeitura de Bom Jesus do Galho Atestado de Capacidade Técnica – Prefeitura Municipal de Teresina Atestado de Capacidade Técnica – Prefeitura Municipal de Jeceaba&nbsp;– MG Atestado de Capacidade Técnica do Governo – Estado do Amazonas Atestado de Capacidade Técnica – Prefeitura [&hellip;]" />
<meta property="og:url" content="https://formato2.com.br/index.php/documentacao/" />
<meta property="og:site_name" content="Formato 2" />
<meta property="article:modified_time" content="2023-03-11T18:10:29+00:00" />
<meta name="twitter:card" content="summary_large_image" />
<meta name="twitter:label1" content="Est. reading time" />
	<meta name="twitter:data1" content="1 minute" />
<script type="application/ld+json" class="yoast-schema-graph">{"@context":"https://schema.org","@graph":[{"@type":"WebPage","@id":"https://formato2.com.br/index.php/documentacao/","url":"https://formato2.com.br/index.php/documentacao/","name":"DOCUMENTAÇÃO - Formato 2","isPartOf":{"@id":"https://formato2.com.br/#website"},"datePublished":"2023-03-06T17:01:33+00:00","dateModified":"2023-03-11T18:10:29+00:00","breadcrumb":{"@id":"https://formato2.com.br/index.php/documentacao/#breadcrumb"},"inLanguage":"en-US","potentialAction":[{"@type":"ReadAction","target":["https://formato2.com.br/index.php/documentacao/"]}]},{"@type":"BreadcrumbList","@id":"https://formato2.com.br/index.php/documentacao/#breadcrumb","itemListElement":[{"@type":"ListItem","position":1,"name":"Início","item":"https://formato2.com.br/"},{"@type":"ListItem","position":2,"name":"DOCUMENTAÇÃO"}]},{"@type":"WebSite","@id":"https://formato2.com.br/#website","url":"https://formato2.com.br/","name":"Formato 2","description":"","publisher":{"@id":"https://formato2.com.br/#organization"},"potentialAction":[{"@type":"SearchAction","target":{"@type":"EntryPoint","urlTemplate":"https://formato2.com.br/?s={search_term_string}"},"query-input":"required name=search_term_string"}],"inLanguage":"en-US"},{"@type":"Organization","@id":"https://formato2.com.br/#organization","name":"Formato 2","url":"https://formato2.com.br/","logo":{"@type":"ImageObject","inLanguage":"en-US","@id":"https://formato2.com.br/#/schema/logo/image/","url":"https://formato2.com.br/wp-content/uploads/2023/03/Formato2-marca.png","contentUrl":"https://formato2.com.br/wp-content/uploads/2023/03/Formato2-marca.png","width":361,"height":176,"caption":"Formato 2"},"image":{"@id":"https://formato2.com.br/#/schema/logo/image/"}}]}</script>
<!-- / Yoast SEO plugin. -->

DOCUMENTAÇÃO - Formato 2

Atestado de Capacidade Técnica – Prefeitura de Paracatu – MG Atestado de Capacidade Técnica –&nbsp;Prefeitura de Bom Jesus do Galho Atestado de Capacidade Técnica – Prefeitura Municipal de Teresina Atestado de Capacidade Técnica – Prefeitura Municipal de Jeceaba&nbsp;– MG Atestado de Capacidade Técnica do Governo – Estado do Amazonas Atestado de Capacidade Técnica – Prefeitura [&hellip;]

Início

DOCUMENTAÇÃO
